is -1 + -43?
-44
In base 9, what is -2 + 114?
112
In base 10, what is -3 + -389?
-392
In base 14, what is 1 - -75?
76
In base 8, what is 2 + -42?
-40
In base 13, what is 37 - 4?
33
In base 7, what is 14 + 3?
20
In base 14, what is -168 + -34?
-19c
In base 6, what is 3051 + -5?
3042
In base 5, what is 100 - -4?
104
In base 5, what is -3 + -313?
-321
In base 15, what is -c3 - 0?
-c3
In base 13, what is -14a6 - 0?
-14a6
In base 2, what is -1 - 101000101?
-101000110
In base 4, what is -300 + 1?
-233
In base 4, what is -13321 + -2?
-13323
In base 2, what is -101001 + 1001111?
100110
In base 8, what is -2246 - -34?
-2212
In base 6, what is 14 + 534?
552
In base 13, what is c + 69?
78
In base 11, what is -5 - aa?
-104
In base 5, what is -1 - 2?
-3
In base 7, what is 6535 - -1?
6536
In base 4, what is -2 - 1202?
-1210
In base 2, what is -101110 - 1111?
-111101
In base 3, what is -101000 - -2?
-100221
In base 14, what is 10a - -1?
10b
In base 10, what is -2828 - -1?
-2827
In base 7, what is -12 - 11?
-23
In base 16, what is -2d + -7?
-34
In base 13, what is -4 + -8a?
-91
In base 5, what is -4 - 10440?
-10444
In base 3, what is 1 - -1012?
1020
In base 9, what is 11 + -738?
-727
In base 3, what is 21 - 1101?
-1010
In base 6, what is 3 - 441?
-434
In base 11, what is -37 - 25a?
-296
In base 16, what is 2 - 1253?
-1251
In base 15, what is -6 + -72?
-78
In base 5, what is 211 - 30?
131
In base 12, what is 1 - -7b?
80
In base 14, what is 4 - -22?
26
In base 8, what is 7 + -364?
-355
In base 14, what is 15 + -2?
13
In base 10, what is -13 - 777?
-790
In base 11, what is 3 - -75?
78
In base 10, what is 7 - 1529?
-1522
In base 11, what is 492 - -3?
495
In base 12, what is b - -8?
17
In base 15, what is 38 - 1?
37
In base 16, what is 0 + -606?
-606
In base 16, what is -c - -1b?
f
In base 13, what is -74 - -28?
-49
In base 16, what is 5bd + 5?
5c2
In base 13, what is -16c - 5?
-174
In base 8, what is 3 - -7272?
7275
In base 6, what is 3 - 45?
-42
In base 4, what is -10 + 32?
22
In base 7, what is -24 - 55?
-112
In base 11, what is -30 + 21?
-a
In base 15, what is -15 + -6b?
-81
In base 15, what is -2 - 20?
-22
In base 15, what is 305 - -4?
309
In base 12, what is -14 + 27?
13
In base 11, what is 13 - a?
4
In base 10, what is 51237 + -3?
51234
In base 15, what is 5 + -8?
-3
In base 2, what is -110 - 101?
-1011
In base 2, what is 10001001110 - 101?
10001001001
In base 10, what is 5 - -116?
121
In base 13, what is -100b - 0?
-100b
In base 13, what is -49 + 1?
-48
In base 7, what is 1 - 560?
-556
In base 8, what is 3 + -50?
-45
In base 8, what is 552 + -3?
547
In base 14, what is 11 + 32?
43
In base 5, what is 2 - 103?
-101
In base 13, what is -5 + 83?
7b
In base 9, what is -18 + 13?
-5
In base 4, what is 121111 - 20?
121031
In base 14, what is -1 - 4d?
-50
In base 8, what is 141 - 2?
137
In base 16, what is -351 + -2?
-353
In base 8, what is -406 + -30?
-436
In base 15, what is 5 + 16?
1b
In base 14, what is 281 + -9?
276
In base 5, what is 10024 - 4?
10020
In base 6, what is 21540 + -3?
21533
In base 10, what is 5 - 255?
-250
In base 14, what is -10 + -2?
-12
In base 6, what is 152 - -5?
201
In base 16, what is 109 + -1a?
ef
In base 5, what is 43012 - -2?
43014
In base 7, what is 2 + -3422?
-3420
In base 16, what is a4 - 3?
a1
In base 15, what is -38 + 6?
-32
In base 15, what is 0 + 6d?
6d
In base 7, what is -5 - 45?
-53
In base 9, what is 10 + -477?
-467
In base 7, what is -1 - -56?
55
In base 11, what is 1058 + 5?
1062
In base 14, what is 5d94 + -4?
5d90
In base 14, what is 37 - -4?
3b
In base 7, what is -3 - -23?
20
In base 6, what is -513 - -4?
-505
In base 12, what is -3 + 5ba?
5b7
In base 9, what is 1350 + 1?
1351
In base 5, what is 2 + 234?
241
In base 6, what is -21 - -123?
102
In base 9, what is 4 - 606?
-602
In base 6, what is 0 - -145?
145
In base 10, what is -13 - 65?
-78
In base 8, what is 305 - -4?
311
In base 2, what is 10 - 10000000?
-1111110
In base 8, what is 6 - -1534?
1542
In base 7, what is 3 + 211?
214
In base 9, what is 14 + 5?
20
In base 9, what is -5 - -4016?
4011
In base 9, what is -1 + -7?
-8
In base 13, what is 13 + -7?
9
In base 16, what is -38 + 6?
-32
In base 7, what is 1012 - 5?
1004
In base 5, what is 33 + -2013?
-1430
In base 11, what is 24 + 4?
28
In base 15, what is 14 - 0?
14
In base 8, what is 3 + -22?
-17
In base 9, what is -4 - -875?
871
In base 8, what is -10 - 310?
-320
In base 7, what is 44 + 35?
112
In base 13, what is 915 - 2?
913
In base 14, what is 5 + 2d?
34
In base 4, what is -11 + 2222?
2211
In base 12, what is 3 + 1b91?
1b94
In base 8, what is 0 - 24?
-24
In base 3, what is 1111021 - 22?
1110222
In base 6, what is -353 + 1?
-352
In base 6, what is -3 - -10202?
10155
In base 15, what is -3138 + -4?
-313c
In base 10, what is 70 + 3?
73
In base 11, what is 7409 - -4?
7412
In base 11, what is -9 - -28?
1a
In base 6, what is -5120 + -4?
-5124
In base 16, what is -1 + -57?
-58
In base 11, what is -52 + 5?
-48
In base 2, what is 1011010111 + 0?
1011010111
In base 12, what is 4 + -56?
-52
In base 11, what is 167 + 4?
170
In base 7, what is 5 - 124?
-116
In base 4, what is -223201 - -3?
-223132
In base 4, what is 203102 - -11?
203113
In base 5, what is -1 + 211?
210
In base 3, what is 1 - -1211211?
1211212
In base 8, what is 5 + -15?
-10
In base 15, what is 2 - 67?
-65
In base 15, what is 488 + b?
494
In base 16, what is 2 + -14?
-12
In base 8, what is 1462 + 46?
1530
In base 10, what is -31 - -8?
-23
In base 16, what is 2 - -85?
87
In base 8, what is -102 + 5?
-75
In base 11, what is 3898 + -2?
3896
In base 6, what is -5 - 1502?
-1511
In base 7, what is 3144 + 5?
3152
In base 10, what is 1932 + 9?
1941
In base 13, what is -17 + 48?
31
In base 11, what is 66 - -83?
139
In base 13, what is -273 + 2?
-271
In base 4, what is -31032 + 2?
-31030
In base 13, what is -3 + -42?
-45
In base 14, what is -2 + -17?
-19
In base 6, what is -2 - -4?
2
In base 13, what is 37 + 2?
39
In base 13, what is -3 + -129?
-12c
In base 5, what is 12 + 44?
111
In base 6, what is 24 + -103?
-35
In base 11, what is 267 + 6?
272
In base 8, what is -30 - -15?
-13
In base 10, what is -107 - 1?
-108
In base 15, what is -cde - -3?
-cdb
In base 6, what is -421 + -12?
-433
In base 3, what is -12211 + 121?
-12020
In base 14, what is -1 + 36?
35
In base 13, what is 2 - 109?
-107
In base 14, what is 3223 + 6?
3229
In base 3, what is -11111 + 2?
-11102
In base 2, what is 11100001001 - 0?
11100001001
In base 11, what is 6a1 + -1?
6a0
In base 3, what is -10021 - -1212?
-1102
In base 13, what is 0 - 14?
-14
In base 12, what is 0 - 591?
-591
In base 16, what is -4 - 4d?
-51
In base 7, what is -5 + -16411?
-16416
In base 5, what is -3 + -1043?
-1101
In base 4, what is -2113 + -10?
-2123
In base 6, what is 2 + -4341?
-4335
In base 14, what is 279 - -b?
286
In base 15, what is -4b + d?
-3d
In base 3, what is -10 + -12?
-22
In base 6, what is -12 + -11?
-23
In base 7, what is 4 - -260?
264
In base 4, what is 10 - -122?
132
In base 13, what is 50 + -13?
3a
In base 2, what is 100 - -10101011101?
10101100001
In base 5, what is 130410 + -10?
130400
In base 8, what is -1555 + -4?
-1561
In base 9, what is 13 - 17?
-4
In base 6, what is 24 + -400?
-332
In base 9, what is -71 - 3?
-74
In base 2, what is 11011110 - 10000001?
1011101
In base 12, what is 17 - 29a?
-283
In base 16, what is b - 3df?
-3d4
In base 11, what is 0 + 17?
17
In base 11, what is 29 - 23?
6
In base 15, what is -e06 + -8?
-e0e
In base 15, what is 5 - -25?
2a
In base 8, what is -36 - -107?
51
In base 2, what is 101011101101 - 101?
101011101000
In base 7, what is -13 + 1202?
1156
In base 12, what is -82 - -11?
-71
In base 4, what is 10003111 - 1?
10003110
In base 16, what is 0 + 25?
25
In base 12, what is 101 + 2?
103
In base 13, what is 140 - 2?
13b
In base 2, what is 1 + 101111?
110000
In base 9, what is -4 - 7801?
-7805
In base 8, what is -2 + 74?
72
In base 15, what is -34 - -5b?
27
In base 5, what is 22424 - -1?
22430
In base 6, what is 5 + 1235?
1244
In base 10, what is 276 + 4?
280
In base 3, what is -2201 - 111110?
-121011
In base 11, what is 17 - -56?
72
In base 12, what is -19 - -28?
b
In base 12, what is -9 + -3?
-10
In base 8, what is -105 + -4?
-111
In base 2, what is 10 - 10011101?
-10011011
I